nits digit of g?
5
Let k = -33 - -77. What is the tens digit of k?
4
Let b(r) = 4*r**3 + r**2. Suppose 5 + 4 = 3*l, 0 = -3*w + 4*l - 72. Let n be (-8)/w*(-15)/(-6). What is the units digit of b(n)?
5
Let z(p) be the second derivative of p**6/360 - p**5/20 - p**4/3 + p. Let w(c) be the third derivative of z(c). What is the units digit of w(6)?
6
What is the tens digit of (142/(-6))/((-4)/12)?
7
Let u be (1 + -2 - -3)/1. What is the tens digit of u/(-4) + (-50)/(-4)?
1
Let a(d) = 8*d - 5. What is the hundreds digit of a(20)?
1
Suppose -k - 4*s + 17 = 0, 5*k - 2*s = s + 62. Suppose 2*y - 55 = k. Suppose 4*u - y = 10. What is the units digit of u?
1
Suppose 3*x + 3 = 0, 3*z + 4*x + x - 4 = 0. Let u be (2/(-3))/(z/(-27)). Suppose -2*r - 2 + u = 0. What is the units digit of r?
2
Suppose i - 4 = -0*i. Let z be ((-39)/65)/((-1)/5). Suppose -2*t = 5*r - 7, -i*t - z*r + 7 = -28. What is the tens digit of t?
1
Let c = 7 + 86. What is the units digit of c?
3
Let n be (-11)/(-5) - (-3)/(-15). Suppose 0 = n*p - 5*h - 1 - 48, -h - 5 = 0. What is the units digit of p?
2
Suppose 3*p = 5*p + 2. Let k be 0 - 0 - 2 - p. What is the tens digit of k/2 + 54/4?
1
Let r = -3 + 3. Suppose r = -3*q + 3. What is the units digit of 4/4*2/q?
2
Suppose 2*r + 55 = -3*r. Let u = r + 34. Let p = -16 + u. What is the units digit of p?
7
What is the units digit of ((-221)/39)/(2/(-18*1))?
1
Let m(q) = q**3 - 4*q**2 + 4. Let x(g) = -4*g + 1. Let p be x(1). Let u be -6*(8/p + 2). What is the units digit of m(u)?
4
Suppose -4*p + 3*p = -4. Suppose 48 + 5 = 5*f + p*o, 3*o = -2*f + 24. Let t = 8 + f. What is the tens digit of t?
1
Suppose 40 = 4*p - 2*p. What is the tens digit of p + 0 - (-3)/3?
2
Let h(f) = f**3 - f**2 - 3*f - 4. Let v(o) = o**3 - 10*o**2 - o + 13. Let n be v(10). What is the units digit of h(n)?
5
Let s(n) = -n**3 + 4*n**2 - 3*n + 1. Let k be s(2). Suppose -6*b - 23 = 5*c - 3*b, -k*b + 13 = -4*c. What is the tens digit of (10/c)/((-1)/4)?
1
Let x(t) = -t. Let o(f) = -4*f - 2. Let c(n) = -o(n) + 3*x(n). Let i be c(0). What is the units digit of i + -4 + 1 + 4?
3
Let z(j) = j + 5. Let w be z(-4). Suppose g - 12 = w. What is the tens digit of g?
1
Let m = -91 + 143. Suppose j = 5*j - 208. Suppose 4*c - 2*g = m, 4*c + 6*g - 3*g = j. What is the units digit of c?
3
Suppose 0 = -5*n + 2 + 3. Let u be n + (-2)/(-4)*82. What is the tens digit of u/4 - (-1)/2?
1
Suppose 4 = 3*r - r. Let m = 0 + r. What is the units digit of 3 + -1*-1*m?
5
Let d = 104 + -70. What is the tens digit of d?
3
Let f(g) = -2*g - 4. Let x be f(-3). Suppose 4*t - 27 = x*k - k, 5*t - 2*k = 36. What is the units digit of t?
6
Let q = 12 - 7. Suppose 0 - q = -p. What is the units digit of p?
5
What is the tens digit of (-5)/(-35) - (-228)/21?
1
Let u(z) = 21*z**2 + z. Let n be u(-1). Suppose 0 = -3*l + n + 16. What is the tens digit of l?
1
Let n be (4 + -13)/((-2)/(-4)). What is the units digit of (-4)/n - (-48)/27?
2
Let o(p) = 2*p**3 - 6*p**2 + 4*p - 1. What is the tens digit of o(4)?
4
Let h(y) = y**3 - 5*y**2 - 4*y - 6. Let o be h(6). Let v = o + 23. What is the tens digit of v?
2
Let u(i) = i + 6. Let a be u(-4). Suppose -4*y + 6 = -w, 2*y - a = 2*w - w. Suppose 3*t - 67 = -4*n, 4*t = -4*n + y*t + 70. What is the units digit of n?
9
Suppose 0 = -4*u - 5*b + 87, 2*u = -u - b + 68. What is the tens digit of u?
2
Suppose 22*k = 25*k - 510. What is the tens digit of k?
7
Let s(m) = m**2 + m + 1. Let v be s(3). Suppose -17 = -b + v. What is the tens digit of b?
3
Let s = 415 - 167. What is the hundreds digit of s?
2
Let l(m) = -15*m**2 + 2*m + 3. Let g(f) = -1. Let k(u) = -2*g(u) - l(u). What is the units digit of k(-1)?
6
Let w(c) = -3*c**3 + 21*c**2 - 2*c + 1. Let k(q) = -2*q**3 + 14*q**2 - q + 1. Let a(v) = 8*k(v) - 5*w(v). What is the units digit of a(7)?
7
Let g(j) = 2 - j**2 + 0 - 2*j - 3. Let v be g(-2). What is the units digit of v + 1*-2 + 7?
4
Suppose -373 = 5*q - 108. Let z = q + 77. What is the units digit of z?
4
Let x be 1 + 134 + 4 + -4. Suppose -b = 3*o - 88, 4*o - x = -3*b - 16. What is the units digit of o?
9
Suppose -25 = 5*o, -5*o + o + 26 = 2*i. What is the tens digit of i?
2
Let q = 9 + -1. Suppose 15 = -q*p + 11*p. What is the units digit of p?
5
Suppose -5*b = 15, -4*h - 2*b + 150 = -h. What is the tens digit of h?
5
Suppose 0 = -3*h + 4*u + 29, 7*u - 8*u + 34 = 2*h. What is the tens digit of h?
1
Let t(v) be the third derivative of -v**6/360 - v**5/120 + v**4/3 + v**3/2 - 3*v**2. Let s(y) be the first derivative of t(y). What is the units digit of s(0)?
8
Let m be (3 - 0)/(-3) - -1. Let j(r) = -r + 8. What is the units digit of j(m)?
8
Suppose 4*h = b + 134, 32 = -0*h + h - b. What is the tens digit of h?
3
Let k be 3/(3/1)*11. Suppose 2*z - k - 3 = 0. What is the units digit of z?
7
Suppose -1 - 5 = -3*t. Suppose -t*o - 2*o = -8. What is the units digit of o?
2
What is the tens digit of (-5)/(30/(-24)) - -182?
8
Let a(j) = 3*j - 1. Let i be a(1). Suppose -f = -3*b - 3, -i*b = -2*f + 4 + 10. Suppose 0 = 6*q - 3*q - f. What is the units digit of q?
3
Suppose -4*n + 0*n + 44 = 0. Suppose -5*h + n + 9 = 0. What is the units digit of h?
4
Suppose 0 = -5*p + 19 - 4. Let t = -2 - -12. Let o = p + t. What is the tens digit of o?
1
Suppose -5*k + 35 = 2*k. What is the units digit of k?
5
Let r be 1*8 + (0 - 2). Let a = r - -3. Suppose 3*b - 26 = -o, 0 = 4*b - a + 1. What is the tens digit of o?
2
Let m be 0 + (3 + -2)*-4. Let p be (6/8)/((-1)/m). What is the units digit of p*(-2 + 28/6)?
8
What is the tens digit of (-4)/(-12)*(0 + 72)?
2
Let s(b) = b**2 - 4*b - 5. Let z be s(-4). What is the units digit of ((-4)/(-6))/(2/z)?
9
Suppose 0 = 8*y - 3*y - 850. What is the tens digit of y?
7
Suppose -57 = -2*q - q + 3*s, q + 3*s = 19. Suppose -5*b = -5*p - 40, -2*b + 3*p = -q + 3. What is the units digit of b?
8
Let y(q) = -74*q - 5. What is the tens digit of y(-3)?
1
What is the tens digit of 104/2 - 3/3?
5
Suppose 5*r + 5 = y - 19, -y - 3*r = -40. What is the units digit of y?
4
Suppose 5*d + 205 = 2*t, -5*d + 6 + 119 = t. What is the units digit of t?
0
Suppose -16 = -0*h - 4*h. Suppose -28 = -h*m + 44. What is the units digit of m?
8
Suppose 25 = -3*o + 2*o + u, -23 = o - 2*u. Suppose a + 0*a = 4. What is the units digit of o/(-6) - 6/a?
3
Let p be -2*4/8*-3. What is the units digit of (-2 - -1)*(p - 38)?
5
Suppose 2*q + 70 = 7*q. What is the units digit of -3 + -1*q/(-2)?
4
Suppose -u - 10 = -6*u. Let x(z) = -77*z + 22. Let w(r) = 11*r - 3. Let o(k) = 22*w(k) + 3*x(k). What is the units digit of o(u)?
2
Suppose 409 = 11*d - 31. What is the tens digit of d?
4
Let x = 10 - 9. Suppose 0 = -2*k + x - 21. Let b = k - -20. What is the units digit of b?
0
Let m = 2 - 12. Let j(h) = h**2 + 9*h - 8. Let v be j(m). Suppose v*z + 1 - 27 = 0. What is the tens digit of z?
1
Suppose 2*t - 7*t - 20 = 0. Let p = t - -6. What is the units digit of (p/5)/((-1)/(-15))?
6
Let c(b) = 18*b**2 + 4*b + 4. What is the tens digit of c(4)?
0
Suppose 2 = 3*v - 25. What is the units digit of v?
9
Suppose 2*g = 3*a - 4, 2*g = -3*a - g + 24. Let c be -7 - 1 - (-2 + 0). What is the units digit of 20/(-6)*c/a?
5
Suppose 5*h + 2*z - 11 = 0, 3*h - 6 = -h - 3*z. Suppose 2*i - 7 - h = 0. What is the units digit of i?
5
Suppose 6*g - 534 = -42. What is the units digit of g?
2
Let h(r) = 7*r**2 - 3*r - 2. What is the tens digit of h(4)?
9
Suppose 5*q - 60 = q. Suppose 6 = b - q. What is the tens digit of b?
2
Suppose 2*j - 4*j = -20. Let l = j + -8. What is the units digit of l?
2
Let o(f) = -3*f**2 + 3*f + 7. Let d be o(5). Let g = d + 30. Let j = 38 + g. What is the tens digit of j?
1
What is the tens digit of 1/(-6) + 5154/36?
4
Suppose -4*v - 120 + 0 = 0. Let m = -7 - v. What is the units digit of m?
3
Let w = -2 - -69. What is the units digit of w?
7
Let x be 20/8 + 2/(-4). Suppose 2 - 18 = -x*h. What is the units digit of h?
8
Suppose -2*h = -b + 4, -3 + 1 = 2*b + h. Let k = 4 - b. What is the units digit of k?
4
Let h(s) = -9*s**3 + s**2 - s + 1. Let b be h(1). Let g = b - -12. Suppose -g*d + z + 49 - 10 = 0, 5*z + 5 = d. What is the units digit of d?
0
Let n(f) = f**3 + 5*f**2 + 5*f + 2. Let c be n(-4). Let l(b) = -b - 2. Let a be l(c). What is the units digit of (-2 - a)/(-2)*13?
3
Let x be (8/(-4))/(2/33). L